f 4 and c.
4
Let l(h) = 3*h**2 - 2 + h + h**3 + 0*h**2 + 3. Let g be l(-2). Suppose g*n - 2 = i + 3*i, 4*n - 9 = -i. What is the highest common factor of i and 1?
1
Let n be ((-9)/(-12))/(12/112). Calculate the greatest common divisor of 14 and n.
7
Suppose -a + 3*a = 22. Calculate the greatest common factor of 99 and a.
11
Let z = 50 - 26. What is the greatest common factor of z and 6?
6
Suppose 2*w = j + 34, -3*w = 3*j + 1 - 34. Calculate the highest common divisor of 5 and w.
5
Let z = 142 + 16. Let o = z + -86. What is the highest common factor of o and 9?
9
Suppose 5*k - r - 134 = -2*r, 2*r = -4*k + 112. Calculate the greatest common divisor of k and 39.
13
Suppose 0 = 2*s + 1 - 5. Suppose s*y - 114 = -y. Calculate the highest common divisor of y and 57.
19
Let h(x) = 7*x**2 + 2 - 3*x**2 - x - x - 2*x. Let n be h(2). Calculate the greatest common divisor of n and 5.
5
Let g be (-654)/(-33) + (-2)/(-11). Suppose -2*p = -3*p + 4*r + 80, 3*r = 2*p - 135. Calculate the greatest common factor of p and g.
20
Let x(q) = 10*q - 9. Let f be x(8). Suppose -4*a = -b - 63, 5*b - f = -3*a + b. What is the highest common divisor of 136 and a?
17
Suppose k + 2 = 0, -y + 37 = 2*k + 2*k. Suppose 2*j - 4*j = -3*g - 341, 3 = -g. Let b be j/18 + (-6)/27. Calculate the highest common divisor of y and b.
9
Suppose -2*z - z = -351. Calculate the greatest common divisor of z and 13.
13
Suppose r + 85 = 4*z, 3*r + 49 = 3*z - 17. Calculate the highest common factor of z and 9.
3
Let n = -30 - -57. What is the greatest common divisor of 135 and n?
27
Suppose -2 = -4*r + 46. Let p(a) be the first derivative of 16*a**3 - a**2/2 - a - 1. Let s be p(-1). What is the highest common divisor of r and s?
12
Let a = 9 + -8. Calculate the highest common divisor of 4 and a.
1
Suppose -2*b = -b + 3*u - 65, -2*u = 2. Calculate the highest common factor of 17 and b.
17
Let v = 4 - 3. Suppose 4*h = -v + 5. Let w be 24/(-9)*(-17 - h). Calculate the greatest common factor of 6 and w.
6
Let d(z) = -4*z - 1. Let h be d(-2). What is the greatest common factor of h and 35?
7
Let g be 0 - 2/(-2)*10. Let s(j) = -j**3 + 9*j**2 - 14*j + 6. Let u be s(6). Calculate the greatest common factor of u and g.
10
Suppose 5*j + 5*u = -15, -3*j + 8*j + 9 = -2*u. Let q be (11*4 - -1) + j. Calculate the greatest common divisor of q and 11.
11
Suppose -5*d = -6*d + 12. Calculate the greatest common divisor of 3 and d.
3
Let s(x) = -x**3 - 9*x**2 + 8*x - 1. Let l(r) = 2*r + 2. Let c be l(-6). Let f be s(c). What is the greatest common factor of 19 and f?
19
Let n = 6 - 3. Calculate the greatest common factor of n and 3.
3
Let q be 220/15 - 2/(-6). Calculate the highest common divisor of 75 and q.
15
Let w(f) = 2*f**2 + 8*f - 3. Let a be w(-5). Suppose -2*l - 3 = -l. Let x be ((-1)/(-3))/(-1)*l. Calculate the greatest common divisor of a and x.
1
Let f(z) = -2*z. Let w be f(-2). What is the greatest common factor of 12 and w?
4
Let k = -13 + -8. Let u(s) = 2*s**2 - 10*s + 2. Let r be u(7). Let c = k + r. What is the greatest common factor of 1 and c?
1
Let y be (-6)/(-8)*66*76/57. What is the greatest common factor of 11 and y?
11
Let k = 17 + -10. Suppose -2*i = -k + 3. Suppose 5*a = -15, 2*f + 5*a - 6 = -1. Calculate the greatest common factor of i and f.
2
Let f be 8 - (-3 + 7 + -1). Suppose z - 59 = 3*u, f*u - 2*z + 3*z = -85. Let n = u - -29. What is the greatest common factor of n and 11?
11
Suppose -3*j + 96 = 6. What is the highest common divisor of 15 and j?
15
Suppose 31 = -5*z + 131. What is the greatest common divisor of 160 and z?
20
Let l be 1/(-2) - (-10)/(-4). Let w be -1*1 - (1 + l). Suppose 2*x - 7 = 3, -5*p + 25 = 4*x. Calculate the highest common divisor of w and p.
1
Suppose 0 = -h + 3*r + 138, 0 = 4*h - 5*r - 171 - 416. What is the highest common divisor of 17 and h?
17
Suppose -3*h = -6, 4*y = 3*y - h + 17. Suppose 55 = 3*f + 2*s, 3*f + 6*s = s + 70. What is the highest common factor of f and y?
15
Suppose 2*h - 18 = -x + 5*x, 2*h - 3 = -x. Suppose 8*n - h*n = 285. Suppose -n + 6 = -3*l. Calculate the highest common factor of 85 and l.
17
Suppose 0*t - d = -4*t + 55, 5*d = 4*t - 67. What is the highest common factor of t and 91?
13
Suppose -q - v + 7 = -0*v, 4*q = 3*v. Let b(p) = 3*p**2 - 4*p + 3. Let o be b(q). Calculate the greatest common divisor of 108 and o.
18
Let w be (39/(-12))/(3/(-12)). Let x be ((-2)/(-7))/(-1) - (-184)/7. Calculate the greatest common factor of x and w.
13
Suppose 0 = -3*w + 284 + 115. What is the greatest common divisor of 19 and w?
19
Suppose 5*x - 10 - 15 = 0. Suppose 3*k = 2*k, x*r = 3*k + 10. Let h = r - -6. What is the highest common factor of h and 4?
4
Let k(h) = 7 - 5 - h**2 - 12*h - 3*h + 6. Let u be k(-15). Calculate the greatest common divisor of u and 2.
2
Suppose b - 3*j + 43 = 5*b, b + 4*j - 27 = 0. Suppose 5*f + 5*k + 51 - 291 = 0, 5 = -5*k. What is the highest common factor of b and f?
7
Let i be (9*2)/((-1)/(-2)). Let f(k) = 2*k**2 - k + 3. Let x be f(3). Calculate the highest common divisor of x and i.
18
Suppose 139 = 3*w - 26. Suppose s + 116 - 36 = -5*y, 4*y - s + w = 0. Let z be (2*4)/((-3)/y). Calculate the greatest common factor of 8 and z.
8
Let z be (2/(-4))/(11/(-22)). Let c be (13/(-65))/(z/(-5)). Calculate the greatest common factor of c and 7.
1
Suppose -2*u = u + 4*x - 1, -2*x = u + 3. Let z be (u/(-2)*4)/(-1). Calculate the highest common divisor of 2 and z.
2
Suppose -141 = -2*p + 3*z, 27 + 36 = p - 3*z. What is the highest common divisor of 26 and p?
26
Let y(n) be the first derivative of n**2/2 - 3*n - 2. Let f be y(4). Let g(j) = -j**2 + 3*j + 1. Let i be g(3). Calculate the highest common factor of f and i.
1
Let z be (-11 + 12)*(0 - -2). What is the greatest common factor of z and 4?
2
Let s(g) = -g**2 + 8*g + 1. Let y be s(7). Suppose -3*d = -0*d. Suppose 2*f - y = 6*f, d = m + 4*f - 3. What is the greatest common divisor of m and 88?
11
Let u(d) = -5*d**3 - d**2 - 2*d - 1. Let g be u(-1). Suppose -68 = -g*l + 22. Calculate the greatest common divisor of 72 and l.
18
Let x = -97 - -207. What is the greatest common divisor of x and 10?
10
Suppose -5*s - 4*f + 128 = 0, -2*s - 10*f + 56 = -6*f. What is the highest common factor of s and 3?
3
Let q = 15 - 5. Suppose 2*k + 0*o = -2*o + q, 3*k - 8 = 4*o. Let m be (k/(-10))/((-4)/20). Calculate the highest common factor of m and 6.
2
Let n = -43 - -77. Let u(a) = -a**2 - 11*a - 8. Let w be u(-6). Let d = n + w. What is the greatest common factor of d and 7?
7
Suppose 5*m = 27 + 28. Suppose -5*j - 4*z - 2 = 0, -4*j - z + m = -2*z. Suppose -j = w - 20. Calculate the highest common divisor of 162 and w.
18
Let v(f) = -5 - 6 + 1 + 3*f. Let o be v(4). Suppose -3*p + 4 = -5. What is the highest common factor of p and o?
1
Let c = -253 - -613. Calculate the greatest common divisor of 40 and c.
40
Let z be (12/(-8))/(3/(-4)). Suppose 18 = -5*v - 3*i, 0*v = -z*v - 4*i + 4. Let h be 5 + v - (-82)/1. Calculate the highest common factor of 9 and h.
9
Suppose 0*u + 28 = -2*u. Let j be (0 - 0)/(-3) - u. Calculate the greatest common divisor of j and 7.
7
Let g(o) = 2*o. Let f be g(3). What is the greatest common divisor of f and 24?
6
Let x(d) = d**2 - 2*d + 2. Let q be x(5). Calculate the greatest common divisor of q and 17.
17
Let l = 29 - -8. Suppose -q = 5*g - l, 26 + 17 = 3*q - 2*g. Let r = q - -7. Calculate the greatest common divisor of r and 60.
12
Let r = -23 - -32. Calculate the highest common divisor of r and 36.
9
Let w = 29 - 18. Let r(b) = b**2 + b - 4. Let f be r(-3). Suppose -19 = -2*s - f*c + 35, 3*s + c - 71 = 0. Calculate the highest common divisor of s and w.
11
Suppose -5*x + 48 = 8. Let n be (-11)/(-3) - 2/3. Suppose -10 = n*l - x*l. What is the greatest common divisor of l and 14?
2
Suppose -59 = 5*r - 74. What is the highest common factor of r and 6?
3
Suppose -236 = -3*j - 2*l, -2*l = 4*j + l - 315. Let v = j + -33. Suppose 2*t = -2*t + 20. Calculate the highest common factor of v and t.
5
Suppose 2*a - a = 22. Let l = 8 - -3. Calculate the greatest common factor of a and l.
11
Let h(k) = 6 - 5 - 3*k + 6*k - 5. Let v be h(4). Calculate the greatest common divisor of v and 8.
8
Let k = 15 - -4. Let y be ((-2)/(-4))/(-10 + 1521/152). What is the highest com